CRAN Package Check Results for Package safer

Last updated on 2022-08-11 07:51:55 CEST.

Flavor Version Tinstall Tcheck Ttotal Status Flags
r-devel-linux-x86_64-debian-clang 0.2.1 2.30 22.66 24.96 NOTE
r-devel-linux-x86_64-debian-gcc 0.2.1 2.00 18.16 20.16 NOTE
r-devel-linux-x86_64-fedora-clang 0.2.1 41.59 NOTE
r-devel-linux-x86_64-fedora-gcc 0.2.1 41.32 NOTE
r-devel-windows-x86_64 0.2.1 12.00 48.00 60.00 NOTE
r-patched-linux-x86_64 0.2.1 2.60 22.54 25.14 NOTE
r-release-linux-x86_64 0.2.1 NOTE
r-release-macos-arm64 0.2.1 15.00 NOTE
r-release-macos-x86_64 0.2.1 22.00 NOTE
r-release-windows-x86_64 0.2.1 12.00 47.00 59.00 NOTE
r-oldrel-macos-arm64 0.2.1 18.00 NOTE
r-oldrel-macos-x86_64 0.2.1 21.00 NOTE
r-oldrel-windows-ix86+x86_64 0.2.1 7.00 40.00 47.00 NOTE

Check Details

Version: 0.2.1
Check: package subdirectories
Result: NOTE
    Problems with news in 'NEWS.md':
    No news entries found.
Flavors: r-devel-linux-x86_64-debian-clang, r-devel-linux-x86_64-debian-gcc, r-devel-linux-x86_64-fedora-clang, r-devel-linux-x86_64-fedora-gcc, r-devel-windows-x86_64

Version: 0.2.1
Check: LazyData
Result: NOTE
     'LazyData' is specified without a 'data' directory
Flavors: r-devel-linux-x86_64-debian-clang, r-devel-linux-x86_64-debian-gcc, r-devel-linux-x86_64-fedora-clang, r-devel-linux-x86_64-fedora-gcc, r-devel-windows-x86_64, r-patched-linux-x86_64, r-release-linux-x86_64, r-release-macos-arm64, r-release-macos-x86_64, r-release-windows-x86_64, r-oldrel-macos-arm64, r-oldrel-macos-x86_64, r-oldrel-windows-ix86+x86_64