CRAN Package Check Results for Package saeSim

Last updated on 2022-01-21 08:52:15 CET.

Flavor Version Tinstall Tcheck Ttotal Status Flags
r-devel-linux-x86_64-debian-clang 0.10.0 31.44 304.75 336.19 OK
r-devel-linux-x86_64-debian-gcc 0.10.0 27.96 225.67 253.63 OK
r-devel-linux-x86_64-fedora-clang 0.10.0 396.41 NOTE
r-devel-linux-x86_64-fedora-gcc 0.10.0 386.85 OK
r-devel-windows-x86_64-new-UL 0.10.0 66.00 326.00 392.00 OK
r-devel-windows-x86_64-new-TK 0.10.0 OK
r-patched-linux-x86_64 0.10.0 29.01 294.82 323.83 OK
r-release-linux-x86_64 0.10.0 29.19 290.93 320.12 OK
r-release-macos-arm64 0.10.0 OK
r-release-macos-x86_64 0.10.0 OK
r-release-windows-ix86+x86_64 0.10.0 73.00 349.00 422.00 OK
r-oldrel-macos-x86_64 0.10.0 OK
r-oldrel-windows-ix86+x86_64 0.10.0 74.00 362.00 436.00 OK

Check Details

Version: 0.10.0
Check: Rd cross-references
Result: NOTE
    Undeclared packages ‘magrittr’, ‘rlang’ in Rd xrefs
Flavor: r-devel-linux-x86_64-fedora-clang