Last updated on 2022-08-19 06:52:35 CEST.
Flavor | Version | Tinstall | Tcheck | Ttotal | Status | Flags |
---|---|---|---|---|---|---|
r-devel-linux-x86_64-debian-clang | 1.0.1 | 11.09 | 68.98 | 80.07 | NOTE | |
r-devel-linux-x86_64-debian-gcc | 1.0.1 | 8.15 | 51.79 | 59.94 | NOTE | |
r-devel-linux-x86_64-fedora-clang | 1.0.1 | 106.41 | NOTE | |||
r-devel-linux-x86_64-fedora-gcc | 1.0.1 | 101.86 | NOTE | |||
r-devel-windows-x86_64 | 1.0.1 | 19.00 | 113.00 | 132.00 | NOTE | |
r-patched-linux-x86_64 | 1.0.1 | 9.93 | 64.92 | 74.85 | OK | |
r-release-linux-x86_64 | 1.0.1 | OK | ||||
r-release-macos-arm64 | 1.0.1 | 37.00 | OK | |||
r-release-macos-x86_64 | 1.0.1 | 50.00 | OK | |||
r-release-windows-x86_64 | 1.0.1 | 27.00 | 114.00 | 141.00 | OK | |
r-oldrel-macos-arm64 | 1.0.1 | 35.00 | OK | |||
r-oldrel-macos-x86_64 | 1.0.1 | 49.00 | OK | |||
r-oldrel-windows-ix86+x86_64 | 1.0.1 | 25.00 | 104.00 | 129.00 | OK |
Version: 1.0.1
Check: HTML version of manual
Result: NOTE
Found the following HTML validation problems:
S3FileResourceGetter.html:75:6: Warning: missing </span> before <p>
S3FileResourceGetter.html:75:111: Warning: inserting implicit <span>
S3FileResourceGetter.html:78:6: Warning: missing </span> before <p>
S3FileResourceGetter.html:78:111: Warning: inserting implicit <span>
S3FileResourceGetter.html:75:6: Warning: trimming empty <span>
S3FileResourceGetter.html:78:6: Warning: trimming empty <span>
Flavor: r-devel-linux-x86_64-debian-clang
Version: 1.0.1
Check: HTML version of manual
Result: NOTE
Found the following HTML validation problems:
S3FileResourceGetter.html:75:6: Warning: missing </span> before <p>
S3FileResourceGetter.html:75:111: Warning: inserting implicit <span>
S3FileResourceGetter.html:78:6: Warning: missing </span> before <p>
S3FileResourceGetter.html:78:111: Warning: inserting implicit <span>
Flavors: r-devel-linux-x86_64-debian-gcc, r-devel-linux-x86_64-fedora-clang, r-devel-linux-x86_64-fedora-gcc
Version: 1.0.1
Check: HTML version of manual
Result: NOTE
Found the following HTML validation problems:
S3FileResourceGetter.html:75:6: Warning: missing </span> before <p>
S3FileResourceGetter.html:75:111: Warning: inserting implicit <span>
S3FileResourceGetter.html:78:6: Warning: missing </span> before <p>
S3FileResourceGetter.html:78:111: Warning: inserting implicit <span>
S3FileResourceGetter.html:75:6: Warning: trimming empty <span>
S3FileResourceGetter.html:78:6: Warning: trimming empty <span>
Flavor: r-devel-windows-x86_64