CRAN Package Check Results for Package s2net

Last updated on 2022-01-19 07:46:59 CET.

Flavor Version Tinstall Tcheck Ttotal Status Flags
r-devel-linux-x86_64-debian-clang 1.0.1 OK
r-devel-linux-x86_64-debian-gcc 1.0.1 31.87 41.34 73.21 OK
r-devel-linux-x86_64-fedora-clang 1.0.1 126.65 OK
r-devel-linux-x86_64-fedora-gcc 1.0.1 108.56 OK
r-devel-windows-x86_64-new-UL 1.0.1 54.00 98.00 152.00 OK
r-devel-windows-x86_64-new-TK 1.0.1 OK
r-patched-linux-x86_64 1.0.1 36.63 51.15 87.78 OK
r-release-linux-x86_64 1.0.1 OK
r-release-macos-arm64 1.0.1 NOTE
r-release-macos-x86_64 1.0.1 OK
r-release-windows-ix86+x86_64 1.0.1 92.00 100.00 192.00 OK
r-oldrel-macos-x86_64 1.0.1 OK
r-oldrel-windows-ix86+x86_64 1.0.1 91.00 104.00 195.00 OK

Check Details

Version: 1.0.1
Check: installed package size
Result: NOTE
     installed size is 5.2Mb
     sub-directories of 1Mb or more:
     libs 4.8Mb
Flavor: r-release-macos-arm64