CRAN Package Check Results for Package rubias

Last updated on 2022-05-18 07:49:08 CEST.

Flavor Version Tinstall Tcheck Ttotal Status Flags
r-devel-linux-x86_64-debian-clang 0.3.3 107.68 238.00 345.68 NOTE
r-devel-linux-x86_64-debian-gcc 0.3.3 79.01 175.58 254.59 NOTE
r-devel-linux-x86_64-fedora-clang 0.3.3 455.84 NOTE
r-devel-linux-x86_64-fedora-gcc 0.3.3 414.04 NOTE
r-devel-windows-x86_64 0.3.3 115.00 288.00 403.00 NOTE
r-patched-linux-x86_64 0.3.3 81.03 226.61 307.64 NOTE
r-release-linux-x86_64 0.3.3 64.95 226.36 291.31 NOTE
r-release-macos-arm64 0.3.3 111.00 NOTE
r-release-macos-x86_64 0.3.3 199.00 NOTE
r-release-windows-x86_64 0.3.3 114.00 289.00 403.00 NOTE
r-oldrel-macos-arm64 0.3.3 100.00 NOTE
r-oldrel-macos-x86_64 0.3.3 150.00 NOTE
r-oldrel-windows-ix86+x86_64 0.3.3 249.00 335.00 584.00 NOTE

Check Details

Version: 0.3.3
Check: for GNU extensions in Makefiles
Result: NOTE
    GNU make is a SystemRequirements.
Flavors: r-devel-linux-x86_64-debian-clang, r-devel-linux-x86_64-debian-gcc, r-devel-linux-x86_64-fedora-clang, r-devel-linux-x86_64-fedora-gcc, r-devel-windows-x86_64, r-patched-linux-x86_64, r-release-linux-x86_64, r-release-macos-arm64, r-release-macos-x86_64, r-release-windows-x86_64, r-oldrel-macos-arm64, r-oldrel-macos-x86_64, r-oldrel-windows-ix86+x86_64

Version: 0.3.3
Check: installed package size
Result: NOTE
     installed size is 5.2Mb
     sub-directories of 1Mb or more:
     libs 3.5Mb
Flavor: r-oldrel-macos-arm64