CRAN Package Check Results for Package rtrim

Last updated on 2017-05-29 06:47:18.

Flavor Version Tinstall Tcheck Ttotal Status Flags
r-devel-linux-x86_64-debian-clang 1.0.1 1.14 47.71 48.85 OK
r-devel-linux-x86_64-debian-gcc 1.0.1 1.07 45.84 46.91 OK
r-devel-linux-x86_64-fedora-clang 1.0.1 87.61 OK
r-devel-linux-x86_64-fedora-gcc 1.0.1 85.23 OK
r-devel-windows-ix86+x86_64 1.0.1 4.00 103.00 107.00 OK
r-patched-linux-x86_64 1.0.1 1.24 46.03 47.26 OK
r-patched-solaris-sparc 1.0.1 498.90 OK
r-patched-solaris-x86 1.0.1 96.40 OK
r-release-linux-x86_64 1.0.1 1.10 46.77 47.88 OK
r-release-windows-ix86+x86_64 1.0.1 7.00 79.00 86.00 WARN
r-release-osx-x86_64 1.0.1 OK
r-oldrel-windows-ix86+x86_64 1.0.1 9.00 81.00 90.00 OK
r-oldrel-osx-x86_64 1.0.1 OK

Check Details

Version: 1.0.1
Check: re-building of vignette outputs
Result: WARN
    Error in re-building vignettes:
     ...
    --smart/-S has been removed. Use +smart or -smart extension instead.
    For example: pandoc -f markdown+smart -t markdown-smart.
    Try pandoc.exe --help for more information.
    Warning: running command '"D:/compiler/pandoc/pandoc" +RTS -K512m -RTS Skylark_example.utf8.md --to html --from markdown+autolink_bare_uris+ascii_identifiers+tex_math_single_backslash --output Skylark_example.html --smart --email-obfuscation none --self-contained --standalone --section-divs --table-of-contents --toc-depth 3 --template "d:\RCompile\CRANpkg\lib\3.4\rmarkdown\rmd\h\default.html" --highlight-style pygments --css "d:\RCompile\CRANpkg\lib\3.4\rmarkdown\rmarkdown\templates\html_vignette\resources\vignette.css" --mathjax --variable "mathjax-url:https://mathjax.rstudio.com/latest/MathJax.js?config=TeX-AMS-MML_HTMLorMML"' had status 2
    Error: processing vignette 'Skylark_example.Rmd' failed with diagnostics:
    pandoc document conversion failed with error 2
    Execution halted
Flavor: r-release-windows-ix86+x86_64