CRAN Package Check Results for Package rtrend

Last updated on 2022-08-15 07:50:26 CEST.

Flavor Version Tinstall Tcheck Ttotal Status Flags
r-devel-linux-x86_64-debian-clang 0.1.3 41.55 32.92 74.47 OK
r-devel-linux-x86_64-debian-gcc 0.1.3 33.13 26.10 59.23 OK
r-devel-linux-x86_64-fedora-clang 0.1.3 115.20 NOTE
r-devel-linux-x86_64-fedora-gcc 0.1.3 110.52 NOTE
r-devel-windows-x86_64 0.1.3 41.00 80.00 121.00 OK
r-patched-linux-x86_64 0.1.3 36.20 31.67 67.87 OK
r-release-linux-x86_64 0.1.3 37.64 31.71 69.35 OK
r-release-macos-arm64 0.1.3 30.00 NOTE
r-release-macos-x86_64 0.1.3 54.00 NOTE
r-release-windows-x86_64 0.1.3 41.00 78.00 119.00 OK
r-oldrel-macos-arm64 0.1.3 32.00 NOTE
r-oldrel-macos-x86_64 0.1.3 42.00 NOTE
r-oldrel-windows-ix86+x86_64 0.1.3 107.00 88.00 195.00 OK

Check Details

Version: 0.1.3
Check: dependencies in R code
Result: NOTE
    Namespaces in Imports field not imported from:
     ‘ggplot2’ ‘plyr’ ‘terra’
     All declared Imports should be used.
Flavors: r-devel-linux-x86_64-fedora-clang, r-devel-linux-x86_64-fedora-gcc, r-release-macos-arm64, r-release-macos-x86_64, r-oldrel-macos-arm64, r-oldrel-macos-x86_64