CRAN Package Check Results for Package rties

Last updated on 2022-05-24 07:52:32 CEST.

Flavor Version Tinstall Tcheck Ttotal Status Flags
r-devel-linux-x86_64-debian-clang 5.0.0 10.08 229.44 239.52 OK
r-devel-linux-x86_64-debian-gcc 5.0.0 7.27 169.16 176.43 OK
r-devel-linux-x86_64-fedora-clang 5.0.0 284.89 NOTE
r-devel-linux-x86_64-fedora-gcc 5.0.0 257.63 NOTE
r-devel-windows-x86_64 5.0.0 36.00 265.00 301.00 OK
r-patched-linux-x86_64 5.0.0 9.86 214.90 224.76 OK
r-release-linux-x86_64 5.0.0 OK
r-release-macos-arm64 5.0.0 85.00 NOTE
r-release-macos-x86_64 5.0.0 140.00 NOTE
r-release-windows-x86_64 5.0.0 31.00 270.00 301.00 OK
r-oldrel-macos-arm64 5.0.0 117.00 NOTE
r-oldrel-macos-x86_64 5.0.0 153.00 NOTE
r-oldrel-windows-ix86+x86_64 5.0.0 22.00 259.00 281.00 OK

Check Details

Version: 5.0.0
Check: dependencies in R code
Result: NOTE
    Namespaces in Imports field not imported from:
     ‘DescTools’ ‘MASS’ ‘gridExtra’
     All declared Imports should be used.
Flavors: r-devel-linux-x86_64-fedora-clang, r-devel-linux-x86_64-fedora-gcc, r-release-macos-arm64, r-release-macos-x86_64, r-oldrel-macos-arm64, r-oldrel-macos-x86_64