CRAN Package Check Results for Package rtdists

Last updated on 2022-01-23 07:14:13 CET.

Flavor Version Tinstall Tcheck Ttotal Status Flags
r-devel-linux-x86_64-debian-clang 0.11-5 25.95 409.09 435.04 OK
r-devel-linux-x86_64-debian-gcc 0.11-5 20.65 306.81 327.46 OK
r-devel-linux-x86_64-fedora-clang 0.11-5 520.49 OK
r-devel-linux-x86_64-fedora-gcc 0.11-5 499.56 OK
r-devel-windows-x86_64-new-UL 0.11-5 57.00 430.00 487.00 OK
r-devel-windows-x86_64-new-TK 0.11-5 OK
r-patched-linux-x86_64 0.11-5 24.83 391.62 416.45 OK
r-release-linux-x86_64 0.11-5 21.53 388.60 410.13 OK
r-release-macos-arm64 0.11-5 OK
r-release-macos-x86_64 0.11-5 WARN --as-cran
r-release-windows-ix86+x86_64 0.11-5 67.00 733.00 800.00 OK
r-oldrel-macos-x86_64 0.11-4 OK
r-oldrel-windows-ix86+x86_64 0.11-5 66.00 731.00 797.00 OK

Check Details

Version: 0.11-5
Flags: --as-cran
Check: CRAN incoming feasibility
Result: WARN
    Maintainer: ‘Henrik Singmann <singmann@gmail.com>’
    
    Insufficient package version (submitted: 0.11.5, existing: 0.11.5)
    
    Days since last update: 1
Flavor: r-release-macos-x86_64