Last updated on 2022-05-18 07:49:08 CEST.
Flavor | Version | Tinstall | Tcheck | Ttotal | Status | Flags |
---|---|---|---|---|---|---|
r-devel-linux-x86_64-debian-clang | 0.1.3 | 7.08 | 80.82 | 87.90 | OK | |
r-devel-linux-x86_64-debian-gcc | 0.1.3 | 5.64 | 59.34 | 64.98 | OK | |
r-devel-linux-x86_64-fedora-clang | 0.1.3 | 105.95 | NOTE | |||
r-devel-linux-x86_64-fedora-gcc | 0.1.3 | 98.81 | OK | |||
r-devel-windows-x86_64 | 0.1.3 | 31.00 | 100.00 | 131.00 | OK | |
r-patched-linux-x86_64 | 0.1.3 | 7.02 | 74.50 | 81.52 | OK | |
r-release-linux-x86_64 | 0.1.3 | 5.54 | 75.35 | 80.89 | OK | |
r-release-macos-arm64 | 0.1.3 | 30.00 | OK | |||
r-release-macos-x86_64 | 0.1.3 | 38.00 | OK | |||
r-release-windows-x86_64 | 0.1.3 | 35.00 | 104.00 | 139.00 | OK | |
r-oldrel-macos-arm64 | 0.1.3 | 23.00 | OK | |||
r-oldrel-macos-x86_64 | 0.1.3 | 37.00 | OK | |||
r-oldrel-windows-ix86+x86_64 | 0.1.3 | 12.00 | 88.00 | 100.00 | OK |
Version: 0.1.3
Check: Rd cross-references
Result: NOTE
Undeclared package ‘spacyr’ in Rd xrefs
Flavor: r-devel-linux-x86_64-fedora-clang