Last updated on 2022-07-03 07:52:04 CEST.
Flavor | Version | Tinstall | Tcheck | Ttotal | Status | Flags |
---|---|---|---|---|---|---|
r-devel-linux-x86_64-debian-clang | 2.3.1 | 3.31 | 32.46 | 35.77 | OK | |
r-devel-linux-x86_64-debian-gcc | 2.3.1 | 2.44 | 24.19 | 26.63 | OK | |
r-devel-linux-x86_64-fedora-clang | 2.3.1 | 54.66 | OK | |||
r-devel-linux-x86_64-fedora-gcc | 2.3.1 | 55.84 | OK | |||
r-devel-windows-x86_64 | 2.3.1 | 131.00 | 192.00 | 323.00 | NOTE | |
r-patched-linux-x86_64 | 2.3.1 | 3.30 | 30.65 | 33.95 | OK | |
r-release-linux-x86_64 | 2.3.1 | 2.85 | 31.05 | 33.90 | OK | |
r-release-macos-arm64 | 2.3.1 | 54.00 | NOTE | |||
r-release-macos-x86_64 | 2.3.1 | 73.00 | NOTE | |||
r-release-windows-x86_64 | 2.3.1 | 92.00 | 198.00 | 290.00 | NOTE | |
r-oldrel-macos-arm64 | 2.3.1 | 54.00 | NOTE | |||
r-oldrel-macos-x86_64 | 2.3.1 | 120.00 | NOTE | |||
r-oldrel-windows-ix86+x86_64 | 2.3.1 | 33.00 | 202.00 | 235.00 | NOTE |
Version: 2.3.1
Check: installed package size
Result: NOTE
installed size is 15.2Mb
sub-directories of 1Mb or more:
libs 14.9Mb
Flavors: r-devel-windows-x86_64, r-release-macos-arm64, r-release-macos-x86_64, r-release-windows-x86_64, r-oldrel-macos-arm64, r-oldrel-macos-x86_64, r-oldrel-windows-ix86+x86_64