CRAN Package Check Results for Package rsparkling

Last updated on 2022-05-19 07:50:19 CEST.

Flavor Version Tinstall Tcheck Ttotal Status Flags
r-devel-linux-x86_64-debian-clang 0.2.19 7.98 57.23 65.21 NOTE
r-devel-linux-x86_64-debian-gcc 0.2.19 5.36 42.30 47.66 NOTE
r-devel-linux-x86_64-fedora-clang 0.2.19 79.63 NOTE
r-devel-linux-x86_64-fedora-gcc 0.2.19 72.81 NOTE
r-devel-windows-x86_64 0.2.19 11.00 63.00 74.00 NOTE
r-patched-linux-x86_64 0.2.19 7.11 52.66 59.77 NOTE
r-release-linux-x86_64 0.2.19 5.45 53.63 59.08 NOTE
r-release-macos-arm64 0.2.19 20.00 NOTE
r-release-macos-x86_64 0.2.19 35.00 NOTE
r-release-windows-x86_64 0.2.19 12.00 65.00 77.00 NOTE
r-oldrel-macos-arm64 0.2.19 24.00 NOTE
r-oldrel-macos-x86_64 0.2.19 27.00 NOTE
r-oldrel-windows-ix86+x86_64 0.2.19 19.00 64.00 83.00 NOTE

Check Details

Version: 0.2.19
Check: LazyData
Result: NOTE
     'LazyData' is specified without a 'data' directory
Flavors: r-devel-linux-x86_64-debian-clang, r-devel-linux-x86_64-debian-gcc, r-devel-linux-x86_64-fedora-clang, r-devel-linux-x86_64-fedora-gcc, r-devel-windows-x86_64, r-patched-linux-x86_64, r-release-linux-x86_64, r-release-macos-arm64, r-release-macos-x86_64, r-release-windows-x86_64, r-oldrel-macos-arm64, r-oldrel-macos-x86_64, r-oldrel-windows-ix86+x86_64

Version: 0.2.19
Check: dependencies in R code
Result: NOTE
    Namespace in Imports field not imported from: ‘h2o’
     All declared Imports should be used.
Flavors: r-devel-linux-x86_64-fedora-clang, r-devel-linux-x86_64-fedora-gcc, r-release-macos-arm64, r-release-macos-x86_64, r-oldrel-macos-arm64, r-oldrel-macos-x86_64