Last updated on 2022-07-05 07:51:05 CEST.
Flavor | Version | Tinstall | Tcheck | Ttotal | Status | Flags |
---|---|---|---|---|---|---|
r-devel-linux-x86_64-debian-clang | 2.10.3 | 4.42 | 104.66 | 109.08 | NOTE | |
r-devel-linux-x86_64-debian-gcc | 2.10.3 | 4.30 | 80.29 | 84.59 | NOTE | |
r-devel-linux-x86_64-fedora-clang | 2.10.3 | 148.15 | NOTE | |||
r-devel-linux-x86_64-fedora-gcc | 2.10.3 | 147.59 | NOTE | |||
r-devel-windows-x86_64 | 2.10.3 | 25.00 | 218.00 | 243.00 | OK | |
r-patched-linux-x86_64 | 2.10.3 | 5.60 | 100.54 | 106.14 | NOTE | |
r-release-linux-x86_64 | 2.10.3 | 5.60 | 104.80 | 110.40 | NOTE | |
r-release-macos-arm64 | 2.10.3 | 43.00 | OK | |||
r-release-macos-x86_64 | 2.10.3 | 68.00 | OK | |||
r-release-windows-x86_64 | 2.10.3 | 29.00 | 178.00 | 207.00 | OK | |
r-oldrel-macos-arm64 | 2.10.3 | 53.00 | OK | |||
r-oldrel-macos-x86_64 | 2.10.3 | 69.00 | OK | |||
r-oldrel-windows-ix86+x86_64 | 2.10.3 | 18.00 | 131.00 | 149.00 | OK |
Version: 2.10.3
Check: package dependencies
Result: NOTE
Package suggested but not available for checking: 'Vdgraph'
Flavors: r-devel-linux-x86_64-debian-clang, r-devel-linux-x86_64-debian-gcc, r-devel-linux-x86_64-fedora-clang, r-devel-linux-x86_64-fedora-gcc, r-patched-linux-x86_64, r-release-linux-x86_64
Version: 2.10.3
Check: Rd cross-references
Result: NOTE
Unknown package 'Vdgraph' in Rd xrefs
Flavors: r-devel-linux-x86_64-debian-clang, r-devel-linux-x86_64-debian-gcc, r-devel-linux-x86_64-fedora-clang, r-devel-linux-x86_64-fedora-gcc, r-patched-linux-x86_64, r-release-linux-x86_64