CRAN Package Check Results for Package rrr

Last updated on 2022-05-18 07:49:08 CEST.

Flavor Version Tinstall Tcheck Ttotal Status Flags
r-devel-linux-x86_64-debian-clang 1.0.0 8.76 119.03 127.79 OK
r-devel-linux-x86_64-debian-gcc 1.0.0 4.92 87.54 92.46 OK
r-devel-linux-x86_64-fedora-clang 1.0.0 152.94 NOTE
r-devel-linux-x86_64-fedora-gcc 1.0.0 142.71 NOTE
r-devel-windows-x86_64 1.0.0 18.00 139.00 157.00 OK
r-patched-linux-x86_64 1.0.0 7.15 112.34 119.49 OK
r-release-linux-x86_64 1.0.0 5.78 109.73 115.51 OK
r-release-macos-arm64 1.0.0 44.00 NOTE
r-release-macos-x86_64 1.0.0 75.00 NOTE
r-release-windows-x86_64 1.0.0 19.00 142.00 161.00 OK
r-oldrel-macos-arm64 1.0.0 64.00 NOTE
r-oldrel-macos-x86_64 1.0.0 82.00 NOTE
r-oldrel-windows-ix86+x86_64 1.0.0 22.00 129.00 151.00 OK

Check Details

Version: 1.0.0
Check: dependencies in R code
Result: NOTE
    Namespace in Imports field not imported from: ‘Rcpp’
     All declared Imports should be used.
Flavors: r-devel-linux-x86_64-fedora-clang, r-devel-linux-x86_64-fedora-gcc, r-release-macos-arm64, r-release-macos-x86_64, r-oldrel-macos-arm64, r-oldrel-macos-x86_64