Last updated on 2022-05-15 07:54:36 CEST.
Flavor | Version | Tinstall | Tcheck | Ttotal | Status | Flags |
---|---|---|---|---|---|---|
r-devel-linux-x86_64-debian-clang | 1.4.3 | 27.11 | 272.32 | 299.43 | NOTE | |
r-devel-linux-x86_64-debian-gcc | 1.4.3 | 26.92 | 198.73 | 225.65 | NOTE | |
r-devel-linux-x86_64-fedora-clang | 1.4.3 | 384.77 | NOTE | |||
r-devel-linux-x86_64-fedora-gcc | 1.4.3 | 344.74 | NOTE | |||
r-devel-windows-x86_64 | 1.4.3 | 41.00 | 256.00 | 297.00 | NOTE | |
r-patched-linux-x86_64 | 1.4.3 | 27.65 | 256.08 | 283.73 | NOTE | |
r-release-linux-x86_64 | 1.4.3 | 25.41 | 259.79 | 285.20 | NOTE | |
r-release-macos-arm64 | 1.4.3 | 75.00 | NOTE | |||
r-release-macos-x86_64 | 1.4.3 | 107.00 | NOTE | |||
r-release-windows-x86_64 | 1.4.3 | 39.00 | 252.00 | 291.00 | NOTE | |
r-oldrel-macos-arm64 | 1.4.3 | 41.00 | NOTE | |||
r-oldrel-macos-x86_64 | 1.4.3 | 78.00 | NOTE | |||
r-oldrel-windows-ix86+x86_64 | 1.4.3 | 66.00 | 262.00 | 328.00 | NOTE |
Version: 1.4.3
Check: LazyData
Result: NOTE
'LazyData' is specified without a 'data' directory
Flavors: r-devel-linux-x86_64-debian-clang, r-devel-linux-x86_64-debian-gcc, r-devel-linux-x86_64-fedora-clang, r-devel-linux-x86_64-fedora-gcc, r-devel-windows-x86_64, r-patched-linux-x86_64, r-release-linux-x86_64, r-release-macos-arm64, r-release-macos-x86_64, r-release-windows-x86_64, r-oldrel-macos-arm64, r-oldrel-macos-x86_64, r-oldrel-windows-ix86+x86_64