Last updated on 2022-08-13 07:55:32 CEST.
Flavor | Version | Tinstall | Tcheck | Ttotal | Status | Flags |
---|---|---|---|---|---|---|
r-devel-linux-x86_64-debian-clang | 3.3.0 | 143.85 | 469.12 | 612.97 | OK | |
r-devel-linux-x86_64-debian-gcc | 3.3.0 | 114.97 | 336.77 | 451.74 | OK | |
r-devel-linux-x86_64-fedora-clang | 3.3.0 | 764.55 | NOTE | |||
r-devel-linux-x86_64-fedora-gcc | 3.3.0 | 731.83 | OK | |||
r-devel-windows-x86_64 | 3.3.0 | 424.00 | 490.00 | 914.00 | NOTE | |
r-patched-linux-x86_64 | 3.3.0 | 135.29 | 436.04 | 571.33 | OK | |
r-release-linux-x86_64 | 3.3.0 | 130.98 | 432.37 | 563.35 | OK | |
r-release-macos-arm64 | 3.3.0 | 150.00 | NOTE | |||
r-release-macos-x86_64 | 3.3.0 | 219.00 | NOTE | |||
r-release-windows-x86_64 | 3.3.0 | 271.00 | 482.00 | 753.00 | NOTE | |
r-oldrel-macos-arm64 | 3.3.0 | 137.00 | NOTE | |||
r-oldrel-macos-x86_64 | 3.3.0 | 217.00 | NOTE | |||
r-oldrel-windows-ix86+x86_64 | 3.3.0 | 286.00 | 682.00 | 968.00 | NOTE |
Version: 3.3.0
Check: installed package size
Result: NOTE
installed size is 9.3Mb
sub-directories of 1Mb or more:
R 4.2Mb
libs 4.2Mb
Flavors: r-devel-linux-x86_64-fedora-clang, r-devel-windows-x86_64, r-release-macos-arm64, r-release-macos-x86_64, r-release-windows-x86_64, r-oldrel-macos-arm64, r-oldrel-macos-x86_64, r-oldrel-windows-ix86+x86_64