Last updated on 2022-07-04 07:49:05 CEST.
Flavor | Version | Tinstall | Tcheck | Ttotal | Status | Flags |
---|---|---|---|---|---|---|
r-devel-linux-x86_64-debian-clang | 0.3.1 | 9.67 | 76.87 | 86.54 | NOTE | |
r-devel-linux-x86_64-debian-gcc | 0.3.1 | 4.30 | 56.51 | 60.81 | NOTE | |
r-devel-linux-x86_64-fedora-clang | 0.3.1 | 108.38 | NOTE | |||
r-devel-linux-x86_64-fedora-gcc | 0.3.1 | 108.08 | NOTE | |||
r-devel-windows-x86_64 | 0.3.1 | 14.00 | 104.00 | 118.00 | NOTE | |
r-patched-linux-x86_64 | 0.3.1 | 6.55 | 71.82 | 78.37 | NOTE | |
r-release-linux-x86_64 | 0.3.1 | 6.22 | 71.22 | 77.44 | NOTE | |
r-release-macos-arm64 | 0.3.1 | 34.00 | NOTE | |||
r-release-macos-x86_64 | 0.3.1 | 56.00 | NOTE | |||
r-release-windows-x86_64 | 0.3.1 | 15.00 | 112.00 | 127.00 | NOTE | |
r-oldrel-macos-arm64 | 0.3.1 | 39.00 | NOTE | |||
r-oldrel-macos-x86_64 | 0.3.1 | 40.00 | NOTE | |||
r-oldrel-windows-ix86+x86_64 | 0.3.1 | 23.00 | 92.00 | 115.00 | NOTE |
Version: 0.3.1
Check: LazyData
Result: NOTE
'LazyData' is specified without a 'data' directory
Flavors: r-devel-linux-x86_64-debian-clang, r-devel-linux-x86_64-debian-gcc, r-devel-linux-x86_64-fedora-clang, r-devel-linux-x86_64-fedora-gcc, r-devel-windows-x86_64, r-patched-linux-x86_64, r-release-linux-x86_64, r-release-macos-arm64, r-release-macos-x86_64, r-release-windows-x86_64, r-oldrel-macos-arm64, r-oldrel-macos-x86_64, r-oldrel-windows-ix86+x86_64
Version: 0.3.1
Check: Rd cross-references
Result: NOTE
Undeclared package ‘readroper’ in Rd xrefs
Flavor: r-devel-linux-x86_64-fedora-clang