CRAN Package Check Results for Package rocsvm.path

Last updated on 2022-07-04 07:49:05 CEST.

Flavor Version Tinstall Tcheck Ttotal Status Flags
r-devel-linux-x86_64-debian-clang 0.1.0 4.41 44.79 49.20 NOTE
r-devel-linux-x86_64-debian-gcc 0.1.0 3.28 33.94 37.22 NOTE
r-devel-linux-x86_64-fedora-clang 0.1.0 69.43 NOTE
r-devel-linux-x86_64-fedora-gcc 0.1.0 69.34 NOTE
r-devel-windows-x86_64 0.1.0 12.00 66.00 78.00 NOTE
r-patched-linux-x86_64 0.1.0 5.65 43.37 49.02 NOTE
r-release-linux-x86_64 0.1.0 5.41 43.63 49.04 NOTE
r-release-macos-arm64 0.1.0 24.00 NOTE
r-release-macos-x86_64 0.1.0 29.00 NOTE
r-release-windows-x86_64 0.1.0 32.00 67.00 99.00 NOTE
r-oldrel-macos-arm64 0.1.0 25.00 NOTE
r-oldrel-macos-x86_64 0.1.0 38.00 NOTE
r-oldrel-windows-ix86+x86_64 0.1.0 12.00 57.00 69.00 NOTE

Check Details

Version: 0.1.0
Check: LazyData
Result: NOTE
     'LazyData' is specified without a 'data' directory
Flavors: r-devel-linux-x86_64-debian-clang, r-devel-linux-x86_64-debian-gcc, r-devel-linux-x86_64-fedora-clang, r-devel-linux-x86_64-fedora-gcc, r-devel-windows-x86_64, r-patched-linux-x86_64, r-release-linux-x86_64, r-release-macos-arm64, r-release-macos-x86_64, r-release-windows-x86_64, r-oldrel-macos-arm64, r-oldrel-macos-x86_64, r-oldrel-windows-ix86+x86_64