Last updated on 2022-05-16 07:49:11 CEST.
Flavor | Version | Tinstall | Tcheck | Ttotal | Status | Flags |
---|---|---|---|---|---|---|
r-devel-linux-x86_64-debian-clang | 2.5-1 | 246.12 | 377.04 | 623.16 | OK | |
r-devel-linux-x86_64-debian-gcc | 2.5-1 | 206.31 | 280.98 | 487.29 | OK | |
r-devel-linux-x86_64-fedora-clang | 2.5-1 | 851.20 | NOTE | |||
r-devel-linux-x86_64-fedora-gcc | 2.5-1 | 849.09 | OK | |||
r-devel-windows-x86_64 | 2.5-1 | 240.00 | 434.00 | 674.00 | OK | |
r-patched-linux-x86_64 | 2.5-1 | 226.66 | 360.00 | 586.66 | OK | |
r-release-linux-x86_64 | 2.5-1 | 218.04 | 355.62 | 573.66 | OK | |
r-release-macos-arm64 | 2.5-1 | 205.00 | NOTE | |||
r-release-macos-x86_64 | 2.5-1 | 356.00 | NOTE | |||
r-release-windows-x86_64 | 2.5-1 | 213.00 | 427.00 | 640.00 | OK | |
r-oldrel-macos-arm64 | 2.5-1 | 169.00 | NOTE | |||
r-oldrel-macos-x86_64 | 2.5-1 | 248.00 | NOTE | |||
r-oldrel-windows-ix86+x86_64 | 2.5-1 | 549.00 | 595.00 | 1144.00 | NOTE |
Version: 2.5-1
Check: installed package size
Result: NOTE
installed size is 26.7Mb
sub-directories of 1Mb or more:
libs 25.5Mb
Flavors: r-devel-linux-x86_64-fedora-clang, r-release-macos-arm64, r-release-macos-x86_64, r-oldrel-macos-arm64, r-oldrel-macos-x86_64, r-oldrel-windows-ix86+x86_64