Last updated on 2022-08-10 07:51:52 CEST.
Flavor | Version | Tinstall | Tcheck | Ttotal | Status | Flags |
---|---|---|---|---|---|---|
r-devel-linux-x86_64-debian-clang | 1.8.0 | 4.26 | 252.78 | 257.04 | OK | |
r-devel-linux-x86_64-debian-gcc | 1.8.0 | 3.40 | 163.06 | 166.46 | OK | |
r-devel-linux-x86_64-fedora-clang | 1.8.0 | 287.09 | NOTE | |||
r-devel-linux-x86_64-fedora-gcc | 1.8.0 | 285.50 | NOTE | |||
r-devel-windows-x86_64 | 1.8.0 | 20.00 | 250.00 | 270.00 | OK | |
r-patched-linux-x86_64 | 1.8.0 | 4.81 | 226.96 | 231.77 | OK | |
r-release-linux-x86_64 | 1.8.0 | OK | ||||
r-release-macos-arm64 | 1.8.0 | 64.00 | NOTE | |||
r-release-macos-x86_64 | 1.8.0 | 91.00 | NOTE | |||
r-release-windows-x86_64 | 1.8.0 | 22.00 | 258.00 | 280.00 | OK | |
r-oldrel-macos-arm64 | 1.8.0 | 67.00 | NOTE | |||
r-oldrel-macos-x86_64 | 1.8.0 | 98.00 | NOTE | |||
r-oldrel-windows-ix86+x86_64 | 1.8.0 | 9.00 | 276.00 | 285.00 | OK |
Version: 1.8.0
Check: dependencies in R code
Result: NOTE
Namespace in Imports field not imported from: ‘attention’
All declared Imports should be used.
Flavors: r-devel-linux-x86_64-fedora-clang, r-devel-linux-x86_64-fedora-gcc, r-release-macos-arm64, r-release-macos-x86_64, r-oldrel-macos-arm64, r-oldrel-macos-x86_64