Last updated on 2022-07-02 07:07:09 CEST.
Flavor | Version | Tinstall | Tcheck | Ttotal | Status | Flags |
---|---|---|---|---|---|---|
r-devel-linux-x86_64-debian-clang | 0.1.0 | 7.37 | 33.59 | 40.96 | OK | |
r-devel-linux-x86_64-debian-gcc | 0.1.0 | 7.90 | 26.09 | 33.99 | OK | |
r-devel-linux-x86_64-fedora-clang | 0.1.0 | 62.08 | NOTE | |||
r-devel-linux-x86_64-fedora-gcc | 0.1.0 | 62.10 | NOTE | |||
r-devel-windows-x86_64 | 0.1.0 | 63.00 | 58.00 | 121.00 | OK | |
r-patched-linux-x86_64 | 0.1.0 | 8.02 | 32.89 | 40.91 | OK | |
r-release-linux-x86_64 | 0.1.0 | 7.62 | 32.00 | 39.62 | OK | |
r-release-macos-arm64 | 0.1.0 | 24.00 | NOTE | |||
r-release-macos-x86_64 | 0.1.0 | 30.00 | NOTE | |||
r-release-windows-x86_64 | 0.1.0 | 39.00 | 60.00 | 99.00 | OK | |
r-oldrel-macos-arm64 | 0.1.0 | 27.00 | NOTE | |||
r-oldrel-macos-x86_64 | 0.1.0 | 39.00 | NOTE | |||
r-oldrel-windows-ix86+x86_64 | 0.1.0 | 16.00 | 55.00 | 71.00 | OK |
Version: 0.1.0
Check: data for non-ASCII characters
Result: NOTE
Note: found 133 marked Latin-1 strings
Flavors: r-devel-linux-x86_64-fedora-clang, r-devel-linux-x86_64-fedora-gcc, r-release-macos-arm64, r-release-macos-x86_64, r-oldrel-macos-arm64, r-oldrel-macos-x86_64