CRAN Package Check Results for Package rnaturalearth

Last updated on 2022-07-05 07:51:05 CEST.

Flavor Version Tinstall Tcheck Ttotal Status Flags
r-devel-linux-x86_64-debian-clang 0.1.0 4.95 91.06 96.01 NOTE
r-devel-linux-x86_64-debian-gcc 0.1.0 4.01 67.20 71.21 NOTE
r-devel-linux-x86_64-fedora-clang 0.1.0 121.91 NOTE
r-devel-linux-x86_64-fedora-gcc 0.1.0 122.30 NOTE
r-devel-windows-x86_64 0.1.0 8.00 121.00 129.00 NOTE
r-patched-linux-x86_64 0.1.0 6.06 85.21 91.27 NOTE
r-release-linux-x86_64 0.1.0 4.42 85.90 90.32 NOTE
r-release-macos-arm64 0.1.0 34.00 NOTE
r-release-macos-x86_64 0.1.0 51.00 NOTE
r-release-windows-x86_64 0.1.0 54.00 117.00 171.00 NOTE
r-oldrel-macos-arm64 0.1.0 42.00 NOTE
r-oldrel-macos-x86_64 0.1.0 61.00 NOTE
r-oldrel-windows-ix86+x86_64 0.1.0 13.00 105.00 118.00 NOTE

Check Details

Version: 0.1.0
Check: package dependencies
Result: NOTE
    Package suggested but not available for checking: 'rnaturalearthhires'
Flavors: r-devel-linux-x86_64-debian-clang, r-devel-linux-x86_64-debian-gcc, r-devel-linux-x86_64-fedora-clang, r-devel-linux-x86_64-fedora-gcc, r-devel-windows-x86_64, r-patched-linux-x86_64, r-release-linux-x86_64, r-release-macos-arm64, r-release-macos-x86_64, r-release-windows-x86_64, r-oldrel-macos-arm64, r-oldrel-macos-x86_64, r-oldrel-windows-ix86+x86_64

Version: 0.1.0
Check: data for non-ASCII characters
Result: NOTE
     Note: found 7 marked Latin-1 strings
Flavors: r-devel-linux-x86_64-fedora-clang, r-devel-linux-x86_64-fedora-gcc, r-release-macos-arm64, r-release-macos-x86_64, r-oldrel-macos-arm64, r-oldrel-macos-x86_64