CRAN Package Check Results for Package rminizinc

Last updated on 2022-05-16 07:49:11 CEST.

Flavor Version Tinstall Tcheck Ttotal Status Flags
r-devel-linux-x86_64-debian-clang 0.0.8 79.18 81.04 160.22 OK
r-devel-linux-x86_64-debian-gcc 0.0.8 48.79 60.96 109.75 OK
r-devel-linux-x86_64-fedora-clang 0.0.8 213.84 NOTE
r-devel-linux-x86_64-fedora-gcc 0.0.8 190.07 OK
r-devel-windows-x86_64 0.0.8 654.00 157.00 811.00 NOTE
r-patched-linux-x86_64 0.0.8 62.30 75.54 137.84 OK
r-release-linux-x86_64 0.0.8 62.39 76.22 138.61 OK
r-release-macos-arm64 0.0.8 56.00 NOTE
r-release-macos-x86_64 0.0.8 73.00 NOTE
r-release-windows-x86_64 0.0.8 842.00 152.00 994.00 NOTE
r-oldrel-macos-arm64 0.0.8 67.00 NOTE
r-oldrel-macos-x86_64 0.0.8 73.00 NOTE
r-oldrel-windows-ix86+x86_64 0.0.8 177.00 116.00 293.00 NOTE

Check Details

Version: 0.0.8
Check: installed package size
Result: NOTE
     installed size is 6.7Mb
     sub-directories of 1Mb or more:
     minizinc 3.4Mb
Flavors: r-devel-linux-x86_64-fedora-clang, r-devel-windows-x86_64, r-release-macos-arm64, r-release-macos-x86_64, r-release-windows-x86_64, r-oldrel-macos-arm64, r-oldrel-macos-x86_64, r-oldrel-windows-ix86+x86_64