CRAN Package Check Results for Package rmdplugr

Last updated on 2022-01-16 06:49:01 CET.

Flavor Version Tinstall Tcheck Ttotal Status Flags
r-devel-linux-x86_64-debian-clang 0.4.1 1.64 39.05 40.69 NOTE
r-devel-linux-x86_64-debian-gcc 0.4.1 2.05 30.97 33.02 NOTE
r-devel-linux-x86_64-fedora-clang 0.4.1 51.19 NOTE
r-devel-linux-x86_64-fedora-gcc 0.4.1 41.48 NOTE
r-devel-windows-x86_64-new-UL 0.4.1 45.00 79.00 124.00 NOTE
r-devel-windows-x86_64-new-TK 0.4.1 NOTE
r-patched-linux-x86_64 0.4.1 2.04 37.55 39.59 NOTE
r-release-linux-x86_64 0.4.1 NOTE
r-release-macos-arm64 0.4.1 NOTE
r-release-macos-x86_64 0.4.1 NOTE
r-release-windows-ix86+x86_64 0.4.1 6.00 67.00 73.00 NOTE
r-oldrel-macos-x86_64 0.4.1 OK
r-oldrel-windows-ix86+x86_64 0.4.1 6.00 52.00 58.00 OK

Check Details

Version: 0.4.1
Check: LazyData
Result: NOTE
     'LazyData' is specified without a 'data' directory
Flavors: r-devel-linux-x86_64-debian-clang, r-devel-linux-x86_64-debian-gcc, r-devel-linux-x86_64-fedora-clang, r-devel-linux-x86_64-fedora-gcc, r-devel-windows-x86_64-new-UL, r-devel-windows-x86_64-new-TK, r-patched-linux-x86_64, r-release-linux-x86_64, r-release-macos-arm64, r-release-macos-x86_64, r-release-windows-ix86+x86_64