CRAN Package Check Results for Package rmarkdown

Last updated on 2021-12-09 06:48:45 CET.

Flavor Version Tinstall Tcheck Ttotal Status Flags
r-devel-linux-x86_64-debian-clang 2.11 10.03 73.76 83.79 OK
r-devel-linux-x86_64-debian-gcc 2.11 9.51 56.57 66.08 OK
r-devel-linux-x86_64-fedora-clang 2.11 104.87 NOTE
r-devel-linux-x86_64-fedora-gcc 2.11 100.33 OK
r-devel-windows-x86_64-new-UL 2.11 42.00 117.00 159.00 NOTE
r-devel-windows-x86_64-new-TK 2.11 OK
r-devel-windows-x86_64-old 2.11 18.00 71.00 89.00 NOTE
r-patched-linux-x86_64 2.11 16.17 72.19 88.36 OK
r-release-linux-x86_64 2.11 9.41 71.84 81.25 OK
r-release-macos-arm64 2.11 NOTE
r-release-macos-x86_64 2.11 NOTE
r-release-windows-ix86+x86_64 2.11 15.00 84.00 99.00 NOTE
r-oldrel-macos-x86_64 2.11 NOTE
r-oldrel-windows-ix86+x86_64 2.11 20.00 88.00 108.00 NOTE

Check Details

Version: 2.11
Check: installed package size
Result: NOTE
     installed size is 9.3Mb
     sub-directories of 1Mb or more:
     rmd 8.2Mb
Flavors: r-devel-linux-x86_64-fedora-clang, r-devel-windows-x86_64-new-UL, r-devel-windows-x86_64-old, r-release-macos-arm64, r-release-macos-x86_64, r-release-windows-ix86+x86_64, r-oldrel-macos-x86_64, r-oldrel-windows-ix86+x86_64