CRAN Package Check Results for Package rjqpd

Last updated on 2022-08-11 07:51:54 CEST.

Flavor Version Tinstall Tcheck Ttotal Status Flags
r-devel-linux-x86_64-debian-clang 0.2.3 2.45 25.09 27.54 NOTE
r-devel-linux-x86_64-debian-gcc 0.2.3 1.60 19.60 21.20 NOTE
r-devel-linux-x86_64-fedora-clang 0.2.3 43.89 NOTE
r-devel-linux-x86_64-fedora-gcc 0.2.3 42.46 NOTE
r-devel-windows-x86_64 0.2.3 14.00 50.00 64.00 NOTE
r-patched-linux-x86_64 0.2.3 1.97 23.90 25.87 NOTE
r-release-linux-x86_64 0.2.3 NOTE
r-release-macos-arm64 0.2.3 14.00 NOTE
r-release-macos-x86_64 0.2.3 20.00 NOTE
r-release-windows-x86_64 0.2.3 7.00 51.00 58.00 NOTE
r-oldrel-macos-arm64 0.2.3 17.00 NOTE
r-oldrel-macos-x86_64 0.2.3 27.00 NOTE
r-oldrel-windows-ix86+x86_64 0.2.3 7.00 43.00 50.00 NOTE

Check Details

Version: 0.2.3
Check: LazyData
Result: NOTE
     'LazyData' is specified without a 'data' directory
Flavors: r-devel-linux-x86_64-debian-clang, r-devel-linux-x86_64-debian-gcc, r-devel-linux-x86_64-fedora-clang, r-devel-linux-x86_64-fedora-gcc, r-devel-windows-x86_64, r-patched-linux-x86_64, r-release-linux-x86_64, r-release-macos-arm64, r-release-macos-x86_64, r-release-windows-x86_64, r-oldrel-macos-arm64, r-oldrel-macos-x86_64, r-oldrel-windows-ix86+x86_64