CRAN Package Check Results for Package riverdist

Last updated on 2022-05-26 07:53:31 CEST.

Flavor Version Tinstall Tcheck Ttotal Status Flags
r-devel-linux-x86_64-debian-clang 0.15.5 16.53 163.01 179.54 OK
r-devel-linux-x86_64-debian-gcc 0.15.5 13.16 128.41 141.57 OK
r-devel-linux-x86_64-fedora-clang 0.15.5 213.37 NOTE
r-devel-linux-x86_64-fedora-gcc 0.15.5 192.89 OK
r-devel-windows-x86_64 0.15.5 71.00 180.00 251.00 NOTE
r-patched-linux-x86_64 0.15.5 17.83 151.28 169.11 OK
r-release-linux-x86_64 0.15.5 OK
r-release-macos-arm64 0.15.5 55.00 NOTE
r-release-macos-x86_64 0.15.5 79.00 NOTE
r-release-windows-x86_64 0.15.5 72.00 179.00 251.00 NOTE
r-oldrel-macos-arm64 0.15.5 52.00 NOTE
r-oldrel-macos-x86_64 0.15.5 80.00 NOTE
r-oldrel-windows-ix86+x86_64 0.15.5 25.00 179.00 204.00 NOTE

Check Details

Version: 0.15.5
Check: installed package size
Result: NOTE
     installed size is 6.0Mb
     sub-directories of 1Mb or more:
     data 3.6Mb
     doc 1.5Mb
Flavors: r-devel-linux-x86_64-fedora-clang, r-devel-windows-x86_64, r-release-macos-arm64, r-release-macos-x86_64, r-release-windows-x86_64, r-oldrel-macos-arm64, r-oldrel-macos-x86_64, r-oldrel-windows-ix86+x86_64