Last updated on 2022-05-22 07:53:22 CEST.
Flavor | Version | Tinstall | Tcheck | Ttotal | Status | Flags |
---|---|---|---|---|---|---|
r-devel-linux-x86_64-debian-clang | 2022.03.22 | 280.56 | 517.50 | 798.06 | OK | |
r-devel-linux-x86_64-debian-gcc | 2022.03.22 | 229.72 | 362.90 | 592.62 | OK | |
r-devel-linux-x86_64-fedora-clang | 2022.03.22 | 718.66 | NOTE | |||
r-devel-linux-x86_64-fedora-gcc | 2022.03.22 | 646.39 | OK | |||
r-devel-windows-x86_64 | 2022.03.22 | 507.00 | 553.00 | 1060.00 | OK | |
r-patched-linux-x86_64 | 2022.03.22 | 218.27 | 462.83 | 681.10 | OK | |
r-release-linux-x86_64 | 2022.03.22 | 189.75 | 469.93 | 659.68 | OK | |
r-release-macos-arm64 | 2022.03.22 | 227.00 | NOTE | |||
r-release-macos-x86_64 | 2022.03.22 | 387.00 | NOTE | |||
r-release-windows-x86_64 | 2022.03.22 | 495.00 | 539.00 | 1034.00 | OK | |
r-oldrel-macos-arm64 | 2022.03.22 | 230.00 | NOTE | |||
r-oldrel-macos-x86_64 | 2022.03.22 | 287.00 | NOTE | |||
r-oldrel-windows-ix86+x86_64 | 2022.03.22 | 695.00 | 857.00 | 1552.00 | OK |
Version: 2022.03.22
Check: installed package size
Result: NOTE
installed size is 8.7Mb
sub-directories of 1Mb or more:
libs 7.2Mb
Flavors: r-devel-linux-x86_64-fedora-clang, r-release-macos-arm64, r-release-macos-x86_64, r-oldrel-macos-arm64, r-oldrel-macos-x86_64