CRAN Package Check Results for Package ricu

Last updated on 2022-05-27 07:50:14 CEST.

Flavor Version Tinstall Tcheck Ttotal Status Flags
r-devel-linux-x86_64-debian-clang 0.5.2 17.98 204.89 222.87 NOTE
r-devel-linux-x86_64-debian-gcc 0.5.2 13.15 153.11 166.26 NOTE
r-devel-linux-x86_64-fedora-clang 0.5.2 271.21 NOTE
r-devel-linux-x86_64-fedora-gcc 0.5.2 258.89 NOTE
r-devel-windows-x86_64 0.5.2 90.00 250.00 340.00 NOTE
r-patched-linux-x86_64 0.5.2 17.63 192.15 209.78 NOTE
r-release-linux-x86_64 0.5.2 14.65 193.65 208.30 NOTE
r-release-macos-arm64 0.5.2 105.00 WARN
r-release-macos-x86_64 0.5.2 119.00 WARN
r-release-windows-x86_64 0.5.2 104.00 253.00 357.00 NOTE
r-oldrel-macos-arm64 0.5.2 119.00 WARN
r-oldrel-macos-x86_64 0.5.2 118.00 WARN
r-oldrel-windows-ix86+x86_64 0.5.2 39.00 206.00 245.00 NOTE

Check Details

Version: 0.5.2
Check: package dependencies
Result: NOTE
    Packages suggested but not available for checking:
     'mimic.demo', 'eicu.demo'
Flavors: r-devel-linux-x86_64-debian-clang, r-devel-linux-x86_64-debian-gcc, r-devel-linux-x86_64-fedora-clang, r-devel-linux-x86_64-fedora-gcc, r-devel-windows-x86_64, r-patched-linux-x86_64, r-release-linux-x86_64, r-release-macos-arm64, r-release-macos-x86_64, r-release-windows-x86_64, r-oldrel-macos-arm64, r-oldrel-macos-x86_64, r-oldrel-windows-ix86+x86_64

Version: 0.5.2
Check: re-building of vignette outputs
Result: WARN
    Error(s) in re-building vignettes:
     ...
    --- re-building ‘jss.Rmd’ using rmarkdown
    ! LaTeX Error: File `orcidlink.sty' not found.
    
    ! Emergency stop.
    <read *>
    
    Error: processing vignette 'jss.Rmd' failed with diagnostics:
    LaTeX failed to compile /Volumes/Builds/packages/big-sur-arm64/results/4.2/ricu.Rcheck/vign_test/ricu/vignettes/jss.tex. See https://yihui.org/tinytex/r/#debugging for debugging tips. See jss.log for more info.
    --- failed re-building ‘jss.Rmd’
    
    --- re-building ‘ricu.Rmd’ using rmarkdown
    --- finished re-building ‘ricu.Rmd’
    
    --- re-building ‘uom.Rmd’ using rmarkdown
    --- finished re-building ‘uom.Rmd’
    
    SUMMARY: processing the following file failed:
     ‘jss.Rmd’
    
    Error: Vignette re-building failed.
    Execution halted
Flavor: r-release-macos-arm64

Version: 0.5.2
Check: re-building of vignette outputs
Result: WARN
    Error(s) in re-building vignettes:
     ...
    --- re-building ‘jss.Rmd’ using rmarkdown
    ! LaTeX Error: File `orcidlink.sty' not found.
    
    ! Emergency stop.
    <read *>
    
    Error: processing vignette 'jss.Rmd' failed with diagnostics:
    LaTeX failed to compile /Volumes/Builds/packages/high-sierra-x86_64/results/4.2/ricu.Rcheck/vign_test/ricu/vignettes/jss.tex. See https://yihui.org/tinytex/r/#debugging for debugging tips. See jss.log for more info.
    --- failed re-building ‘jss.Rmd’
    
    --- re-building ‘ricu.Rmd’ using rmarkdown
    --- finished re-building ‘ricu.Rmd’
    
    --- re-building ‘uom.Rmd’ using rmarkdown
    --- finished re-building ‘uom.Rmd’
    
    SUMMARY: processing the following file failed:
     ‘jss.Rmd’
    
    Error: Vignette re-building failed.
    Execution halted
Flavor: r-release-macos-x86_64

Version: 0.5.2
Check: re-building of vignette outputs
Result: WARN
    Error(s) in re-building vignettes:
     ...
    --- re-building ‘jss.Rmd’ using rmarkdown
    ! LaTeX Error: File `orcidlink.sty' not found.
    
    ! Emergency stop.
    <read *>
    
    Error: processing vignette 'jss.Rmd' failed with diagnostics:
    LaTeX failed to compile /Volumes/Builds/packages/big-sur-arm64/results/4.1/ricu.Rcheck/vign_test/ricu/vignettes/jss.tex. See https://yihui.org/tinytex/r/#debugging for debugging tips. See jss.log for more info.
    --- failed re-building ‘jss.Rmd’
    
    --- re-building ‘ricu.Rmd’ using rmarkdown
    --- finished re-building ‘ricu.Rmd’
    
    --- re-building ‘uom.Rmd’ using rmarkdown
    --- finished re-building ‘uom.Rmd’
    
    SUMMARY: processing the following file failed:
     ‘jss.Rmd’
    
    Error: Vignette re-building failed.
    Execution halted
Flavor: r-oldrel-macos-arm64

Version: 0.5.2
Check: re-building of vignette outputs
Result: WARN
    Error(s) in re-building vignettes:
     ...
    --- re-building ‘jss.Rmd’ using rmarkdown
    ! LaTeX Error: File `orcidlink.sty' not found.
    
    ! Emergency stop.
    <read *>
    
    Error: processing vignette 'jss.Rmd' failed with diagnostics:
    LaTeX failed to compile /Volumes/Builds/packages/high-sierra-x86_64/results/4.1/ricu.Rcheck/vign_test/ricu/vignettes/jss.tex. See https://yihui.org/tinytex/r/#debugging for debugging tips. See jss.log for more info.
    --- failed re-building ‘jss.Rmd’
    
    --- re-building ‘ricu.Rmd’ using rmarkdown
    --- finished re-building ‘ricu.Rmd’
    
    --- re-building ‘uom.Rmd’ using rmarkdown
    --- finished re-building ‘uom.Rmd’
    
    SUMMARY: processing the following file failed:
     ‘jss.Rmd’
    
    Error: Vignette re-building failed.
    Execution halted
Flavor: r-oldrel-macos-x86_64