CRAN Package Check Results for Package rgsp

Last updated on 2022-05-19 07:50:18 CEST.

Flavor Version Tinstall Tcheck Ttotal Status Flags
r-devel-linux-x86_64-debian-clang 0.2.0 5.61 59.25 64.86 NOTE
r-devel-linux-x86_64-debian-gcc 0.2.0 4.18 44.07 48.25 NOTE
r-devel-linux-x86_64-fedora-clang 0.2.0 81.60 NOTE
r-devel-linux-x86_64-fedora-gcc 0.2.0 73.38 NOTE
r-devel-windows-x86_64 0.2.0 11.00 70.00 81.00 NOTE
r-patched-linux-x86_64 0.2.0 4.55 55.04 59.59 NOTE
r-release-linux-x86_64 0.2.0 5.72 54.50 60.22 NOTE
r-release-macos-arm64 0.2.0 19.00 NOTE
r-release-macos-x86_64 0.2.0 39.00 NOTE
r-release-windows-x86_64 0.2.0 12.00 73.00 85.00 NOTE
r-oldrel-macos-arm64 0.2.0 30.00 NOTE
r-oldrel-macos-x86_64 0.2.0 35.00 NOTE
r-oldrel-windows-ix86+x86_64 0.2.0 13.00 65.00 78.00 NOTE

Check Details

Version: 0.2.0
Check: LazyData
Result: NOTE
     'LazyData' is specified without a 'data' directory
Flavors: r-devel-linux-x86_64-debian-clang, r-devel-linux-x86_64-debian-gcc, r-devel-linux-x86_64-fedora-clang, r-devel-linux-x86_64-fedora-gcc, r-devel-windows-x86_64, r-patched-linux-x86_64, r-release-linux-x86_64, r-release-macos-arm64, r-release-macos-x86_64, r-release-windows-x86_64, r-oldrel-macos-arm64, r-oldrel-macos-x86_64, r-oldrel-windows-ix86+x86_64