Last updated on 2022-05-27 07:50:14 CEST.
Flavor | Version | Tinstall | Tcheck | Ttotal | Status | Flags |
---|---|---|---|---|---|---|
r-devel-linux-x86_64-debian-clang | 5.9-0.3 | 16.67 | 55.24 | 71.91 | OK | |
r-devel-linux-x86_64-debian-gcc | 5.9-0.3 | 11.70 | 52.09 | 63.79 | OK | |
r-devel-linux-x86_64-fedora-clang | 5.9-0.3 | 99.19 | NOTE | |||
r-devel-linux-x86_64-fedora-gcc | 5.9-0.3 | 102.67 | OK | |||
r-devel-windows-x86_64 | 5.9-0.3 | 34.00 | 122.00 | 156.00 | OK | |
r-patched-linux-x86_64 | 5.9-0.3 | 11.52 | 72.45 | 83.97 | OK | |
r-release-linux-x86_64 | 5.9-0.3 | 13.91 | 69.79 | 83.70 | OK | |
r-release-macos-arm64 | 5.9-0.3 | 34.00 | OK | |||
r-release-macos-x86_64 | 5.9-0.3 | 45.00 | OK | |||
r-release-windows-x86_64 | 5.9-0.3 | 30.00 | 112.00 | 142.00 | OK | |
r-oldrel-macos-arm64 | 5.9-0.3 | 35.00 | OK | |||
r-oldrel-macos-x86_64 | 5.9-0.3 | 58.00 | OK | |||
r-oldrel-windows-ix86+x86_64 | 5.9-0.3 | 35.00 | 121.00 | 156.00 | OK |
Version: 5.9-0.3
Check: Rd cross-references
Result: NOTE
Undeclared package ‘Matching’ in Rd xrefs
Flavor: r-devel-linux-x86_64-fedora-clang