CRAN Package Check Results for Package rgenius

Last updated on 2022-05-26 07:53:30 CEST.

Flavor Version Tinstall Tcheck Ttotal Status Flags
r-devel-linux-x86_64-debian-clang 0.1.0 5.37 60.00 65.37 NOTE
r-devel-linux-x86_64-debian-gcc 0.1.0 4.78 49.44 54.22 NOTE
r-devel-linux-x86_64-fedora-clang 0.1.0 82.90 NOTE
r-devel-linux-x86_64-fedora-gcc 0.1.0 63.77 NOTE
r-devel-windows-x86_64 0.1.0 15.00 72.00 87.00 NOTE
r-patched-linux-x86_64 0.1.0 5.54 56.03 61.57 NOTE
r-release-linux-x86_64 0.1.0 NOTE
r-release-macos-arm64 0.1.0 22.00 NOTE
r-release-macos-x86_64 0.1.0 41.00 NOTE
r-release-windows-x86_64 0.1.0 19.00 73.00 92.00 NOTE
r-oldrel-macos-arm64 0.1.0 25.00 NOTE
r-oldrel-macos-x86_64 0.1.0 36.00 NOTE
r-oldrel-windows-ix86+x86_64 0.1.0 15.00 65.00 80.00 NOTE

Check Details

Version: 0.1.0
Check: LazyData
Result: NOTE
     'LazyData' is specified without a 'data' directory
Flavors: r-devel-linux-x86_64-debian-clang, r-devel-linux-x86_64-debian-gcc, r-devel-linux-x86_64-fedora-clang, r-devel-linux-x86_64-fedora-gcc, r-devel-windows-x86_64, r-patched-linux-x86_64, r-release-linux-x86_64, r-release-macos-arm64, r-release-macos-x86_64, r-release-windows-x86_64, r-oldrel-macos-arm64, r-oldrel-macos-x86_64, r-oldrel-windows-ix86+x86_64