Last updated on 2022-06-27 06:51:29 CEST.
Flavor | Version | Tinstall | Tcheck | Ttotal | Status | Flags |
---|---|---|---|---|---|---|
r-devel-linux-x86_64-debian-clang | 1.5-32 | 36.43 | 130.54 | 166.97 | OK | |
r-devel-linux-x86_64-debian-gcc | 1.5-32 | 27.19 | 102.36 | 129.55 | OK | |
r-devel-linux-x86_64-fedora-clang | 1.5-32 | 216.33 | NOTE | |||
r-devel-linux-x86_64-fedora-gcc | 1.5-32 | 213.28 | OK | |||
r-devel-windows-x86_64 | 1.5-32 | 174.00 | 746.00 | 920.00 | NOTE | |
r-patched-linux-x86_64 | 1.5-32 | 31.27 | 125.68 | 156.95 | OK | |
r-release-linux-x86_64 | 1.5-32 | 29.25 | 127.89 | 157.14 | OK | |
r-release-macos-arm64 | 1.5-32 | 108.00 | NOTE | |||
r-release-macos-x86_64 | 1.5-32 | 22.00 | ERROR | |||
r-release-windows-x86_64 | 1.5-32 | 149.00 | 726.00 | 875.00 | NOTE | |
r-oldrel-macos-arm64 | 1.5-32 | 111.00 | NOTE | |||
r-oldrel-macos-x86_64 | 1.5-32 | 21.00 | ERROR | |||
r-oldrel-windows-ix86+x86_64 | 1.5-32 | 170.00 | 653.00 | 823.00 | NOTE |
Version: 1.5-32
Check: installed package size
Result: NOTE
installed size is 8.2Mb
sub-directories of 1Mb or more:
doc 3.7Mb
pictures 1.3Mb
Flavors: r-devel-linux-x86_64-fedora-clang, r-devel-windows-x86_64, r-release-macos-arm64, r-release-windows-x86_64, r-oldrel-macos-arm64, r-oldrel-windows-ix86+x86_64
Version: 1.5-32
Check: whether package can be installed
Result: ERROR
Installation failed.
Flavors: r-release-macos-x86_64, r-oldrel-macos-x86_64