CRAN Package Check Results for Package rflsgen

Last updated on 2022-05-17 07:53:14 CEST.

Flavor Version Tinstall Tcheck Ttotal Status Flags
r-devel-linux-x86_64-debian-clang 1.0.0 29.81 350.00 379.81 OK
r-devel-linux-x86_64-debian-gcc 1.0.0 26.36 258.52 284.88 OK
r-devel-linux-x86_64-fedora-clang 1.0.0 468.29 NOTE
r-devel-linux-x86_64-fedora-gcc 1.0.0 440.96 NOTE
r-devel-windows-x86_64 1.0.0 51.00 315.00 366.00 NOTE
r-patched-linux-x86_64 1.0.0 26.57 337.17 363.74 OK
r-release-linux-x86_64 1.0.0 27.66 339.48 367.14 OK
r-release-macos-arm64 1.0.0 104.00 NOTE
r-release-macos-x86_64 1.0.0 147.00 NOTE
r-release-windows-x86_64 1.0.0 54.00 314.00 368.00 NOTE
r-oldrel-macos-arm64 1.0.0 96.00 NOTE
r-oldrel-macos-x86_64 1.0.0 141.00 NOTE
r-oldrel-windows-ix86+x86_64 1.0.0 67.00 317.00 384.00 NOTE

Check Details

Version: 1.0.0
Check: installed package size
Result: NOTE
     installed size is 32.8Mb
     sub-directories of 1Mb or more:
     doc 3.8Mb
     extdata 2.6Mb
     java 26.1Mb
Flavors: r-devel-linux-x86_64-fedora-clang, r-devel-windows-x86_64, r-release-macos-arm64, r-release-macos-x86_64, r-release-windows-x86_64, r-oldrel-macos-arm64, r-oldrel-macos-x86_64, r-oldrel-windows-ix86+x86_64

Version: 1.0.0
Check: dependencies in R code
Result: NOTE
    Namespace in Imports field not imported from: ‘rgdal’
     All declared Imports should be used.
Flavors: r-devel-linux-x86_64-fedora-clang, r-devel-linux-x86_64-fedora-gcc, r-release-macos-arm64, r-release-macos-x86_64, r-oldrel-macos-arm64, r-oldrel-macos-x86_64