CRAN Package Check Results for Package rextendr

Last updated on 2022-01-26 06:50:26 CET.

Flavor Version Tinstall Tcheck Ttotal Status Flags
r-devel-linux-x86_64-debian-clang 0.2.0 4.87 63.74 68.61 OK
r-devel-linux-x86_64-debian-gcc 0.2.0 4.00 47.67 51.67 OK
r-devel-linux-x86_64-fedora-clang 0.2.0 80.03 NOTE
r-devel-linux-x86_64-fedora-gcc 0.2.0 69.06 NOTE
r-devel-windows-x86_64-new-UL 0.2.0 69.00 90.00 159.00 OK
r-devel-windows-x86_64-new-TK 0.2.0 NOTE
r-patched-linux-x86_64 0.2.0 4.65 57.45 62.10 OK
r-release-linux-x86_64 0.2.0 4.69 57.12 61.81 OK
r-release-macos-arm64 0.2.0 NOTE
r-release-macos-x86_64 0.2.0 NOTE
r-release-windows-ix86+x86_64 0.2.0 13.00 70.00 83.00 OK
r-oldrel-macos-x86_64 0.2.0 NOTE
r-oldrel-windows-ix86+x86_64 0.2.0 13.00 70.00 83.00 OK

Check Details

Version: 0.2.0
Check: dependencies in R code
Result: NOTE
    Namespace in Imports field not imported from: ‘pkgload’
     All declared Imports should be used.
Flavors: r-devel-linux-x86_64-fedora-clang, r-devel-linux-x86_64-fedora-gcc, r-devel-windows-x86_64-new-TK, r-release-macos-arm64, r-release-macos-x86_64, r-oldrel-macos-x86_64