Last updated on 2022-05-16 07:49:11 CEST.
Flavor | Version | Tinstall | Tcheck | Ttotal | Status | Flags |
---|---|---|---|---|---|---|
r-devel-linux-x86_64-debian-clang | 0.0.3 | 6.27 | 60.31 | 66.58 | NOTE | |
r-devel-linux-x86_64-debian-gcc | 0.0.3 | 4.01 | 45.24 | 49.25 | NOTE | |
r-devel-linux-x86_64-fedora-clang | 0.0.3 | 80.97 | NOTE | |||
r-devel-linux-x86_64-fedora-gcc | 0.0.3 | 74.23 | NOTE | |||
r-devel-windows-x86_64 | 0.0.3 | 23.00 | 78.00 | 101.00 | NOTE | |
r-patched-linux-x86_64 | 0.0.3 | 3.45 | 56.15 | 59.60 | NOTE | |
r-release-linux-x86_64 | 0.0.3 | 3.93 | 55.61 | 59.54 | NOTE | |
r-release-macos-arm64 | 0.0.3 | 21.00 | NOTE | |||
r-release-macos-x86_64 | 0.0.3 | 36.00 | NOTE | |||
r-release-windows-x86_64 | 0.0.3 | 22.00 | 82.00 | 104.00 | NOTE | |
r-oldrel-macos-arm64 | 0.0.3 | 25.00 | NOTE | |||
r-oldrel-macos-x86_64 | 0.0.3 | 30.00 | NOTE | |||
r-oldrel-windows-ix86+x86_64 | 0.0.3 | 14.00 | 70.00 | 84.00 | NOTE |
Version: 0.0.3
Check: LazyData
Result: NOTE
'LazyData' is specified without a 'data' directory
Flavors: r-devel-linux-x86_64-debian-clang, r-devel-linux-x86_64-debian-gcc, r-devel-linux-x86_64-fedora-clang, r-devel-linux-x86_64-fedora-gcc, r-devel-windows-x86_64, r-patched-linux-x86_64, r-release-linux-x86_64, r-release-macos-arm64, r-release-macos-x86_64, r-release-windows-x86_64, r-oldrel-macos-arm64, r-oldrel-macos-x86_64, r-oldrel-windows-ix86+x86_64