CRAN Package Check Results for Package respirometry

Last updated on 2022-08-15 07:50:25 CEST.

Flavor Version Tinstall Tcheck Ttotal Status Flags
r-devel-linux-x86_64-debian-clang 1.3.0 9.77 72.31 82.08 NOTE
r-devel-linux-x86_64-debian-gcc 1.3.0 6.16 54.57 60.73 NOTE
r-devel-linux-x86_64-fedora-clang 1.3.0 107.90 NOTE
r-devel-linux-x86_64-fedora-gcc 1.3.0 103.56 NOTE
r-devel-windows-x86_64 1.3.0 66.00 95.00 161.00 NOTE
r-patched-linux-x86_64 1.3.0 8.21 68.43 76.64 NOTE
r-release-linux-x86_64 1.3.0 5.42 67.72 73.14 NOTE
r-release-macos-arm64 1.3.0 32.00 NOTE
r-release-macos-x86_64 1.3.0 48.00 NOTE
r-release-windows-x86_64 1.3.0 26.00 93.00 119.00 NOTE
r-oldrel-macos-arm64 1.3.0 37.00 NOTE
r-oldrel-macos-x86_64 1.3.0 55.00 NOTE
r-oldrel-windows-ix86+x86_64 1.3.0 19.00 89.00 108.00 NOTE

Check Details

Version: 1.3.0
Check: LazyData
Result: NOTE
     'LazyData' is specified without a 'data' directory
Flavors: r-devel-linux-x86_64-debian-clang, r-devel-linux-x86_64-debian-gcc, r-devel-linux-x86_64-fedora-clang, r-devel-linux-x86_64-fedora-gcc, r-devel-windows-x86_64, r-patched-linux-x86_64, r-release-linux-x86_64, r-release-macos-arm64, r-release-macos-x86_64, r-release-windows-x86_64, r-oldrel-macos-arm64, r-oldrel-macos-x86_64, r-oldrel-windows-ix86+x86_64