CRAN Package Check Results for Package repurrrsive

Last updated on 2022-07-01 07:51:52 CEST.

Flavor Version Tinstall Tcheck Ttotal Status Flags
r-devel-linux-x86_64-debian-clang 1.0.0 4.48 51.81 56.29 OK
r-devel-linux-x86_64-debian-gcc 1.0.0 4.10 38.99 43.09 OK
r-devel-linux-x86_64-fedora-clang 1.0.0 77.08 NOTE
r-devel-linux-x86_64-fedora-gcc 1.0.0 76.43 NOTE
r-devel-windows-x86_64 1.0.0 28.00 79.00 107.00 OK
r-patched-linux-x86_64 1.0.0 5.32 48.08 53.40 OK
r-release-linux-x86_64 1.0.0 3.09 48.27 51.36 OK
r-release-macos-arm64 1.0.0 24.00 NOTE
r-release-macos-x86_64 1.0.0 36.00 NOTE
r-release-windows-x86_64 1.0.0 38.00 80.00 118.00 OK
r-oldrel-macos-arm64 1.0.0 27.00 NOTE
r-oldrel-macos-x86_64 1.0.0 40.00 NOTE
r-oldrel-windows-ix86+x86_64 1.0.0 11.00 69.00 80.00 OK

Check Details

Version: 1.0.0
Check: data for non-ASCII characters
Result: NOTE
     Note: found 25 marked UTF-8 strings
Flavors: r-devel-linux-x86_64-fedora-clang, r-devel-linux-x86_64-fedora-gcc, r-release-macos-arm64, r-release-macos-x86_64, r-oldrel-macos-arm64, r-oldrel-macos-x86_64