CRAN Package Check Results for Package repmod

Last updated on 2022-05-25 07:50:29 CEST.

Flavor Version Tinstall Tcheck Ttotal Status Flags
r-devel-linux-x86_64-debian-clang 0.1.7 4.06 44.50 48.56 NOTE
r-devel-linux-x86_64-debian-gcc 0.1.7 3.21 33.98 37.19 NOTE
r-devel-linux-x86_64-fedora-clang 0.1.7 57.11 NOTE
r-devel-linux-x86_64-fedora-gcc 0.1.7 45.96 NOTE
r-devel-windows-x86_64 0.1.7 16.00 59.00 75.00 NOTE
r-patched-linux-x86_64 0.1.7 4.80 43.15 47.95 NOTE
r-release-linux-x86_64 0.1.7 NOTE
r-release-macos-arm64 0.1.7 21.00 NOTE
r-release-macos-x86_64 0.1.7 29.00 NOTE
r-release-windows-x86_64 0.1.7 16.00 60.00 76.00 NOTE
r-oldrel-macos-arm64 0.1.7 23.00 NOTE
r-oldrel-macos-x86_64 0.1.7 31.00 NOTE
r-oldrel-windows-ix86+x86_64 0.1.7 10.00 55.00 65.00 NOTE

Check Details

Version: 0.1.7
Check: LazyData
Result: NOTE
     'LazyData' is specified without a 'data' directory
Flavors: r-devel-linux-x86_64-debian-clang, r-devel-linux-x86_64-debian-gcc, r-devel-linux-x86_64-fedora-clang, r-devel-linux-x86_64-fedora-gcc, r-devel-windows-x86_64, r-patched-linux-x86_64, r-release-linux-x86_64, r-release-macos-arm64, r-release-macos-x86_64, r-release-windows-x86_64, r-oldrel-macos-arm64, r-oldrel-macos-x86_64, r-oldrel-windows-ix86+x86_64