CRAN Package Check Results for Package relgam

Last updated on 2022-01-23 07:14:11 CET.

Flavor Version Tinstall Tcheck Ttotal Status Flags
r-devel-linux-x86_64-debian-clang 1.0 3.32 66.38 69.70 NOTE
r-devel-linux-x86_64-debian-gcc 1.0 2.72 53.93 56.65 NOTE
r-devel-linux-x86_64-fedora-clang 1.0 83.49 NOTE
r-devel-linux-x86_64-fedora-gcc 1.0 71.75 NOTE
r-devel-windows-x86_64-new-UL 1.0 18.00 86.00 104.00 NOTE
r-devel-windows-x86_64-new-TK 1.0 NOTE
r-patched-linux-x86_64 1.0 2.06 63.04 65.10 NOTE
r-release-linux-x86_64 1.0 2.24 62.98 65.22 NOTE
r-release-macos-arm64 1.0 NOTE
r-release-macos-x86_64 1.0 NOTE
r-release-windows-ix86+x86_64 1.0 8.00 75.00 83.00 NOTE
r-oldrel-macos-x86_64 1.0 OK
r-oldrel-windows-ix86+x86_64 1.0 8.00 82.00 90.00 OK

Check Details

Version: 1.0
Check: LazyData
Result: NOTE
     'LazyData' is specified without a 'data' directory
Flavors: r-devel-linux-x86_64-debian-clang, r-devel-linux-x86_64-debian-gcc, r-devel-linux-x86_64-fedora-clang, r-devel-linux-x86_64-fedora-gcc, r-devel-windows-x86_64-new-UL, r-devel-windows-x86_64-new-TK, r-patched-linux-x86_64, r-release-linux-x86_64, r-release-macos-arm64, r-release-macos-x86_64, r-release-windows-ix86+x86_64