CRAN Package Check Results for Package relaimpo

Last updated on 2022-07-03 07:52:03 CEST.

Flavor Version Tinstall Tcheck Ttotal Status Flags
r-devel-linux-x86_64-debian-clang 2.2-6 14.21 113.89 128.10 NOTE
r-devel-linux-x86_64-debian-gcc 2.2-6 14.16 83.92 98.08 NOTE
r-devel-linux-x86_64-fedora-clang 2.2-6 159.25 NOTE
r-devel-linux-x86_64-fedora-gcc 2.2-6 167.84 NOTE
r-devel-windows-x86_64 2.2-6 34.00 128.00 162.00 NOTE
r-patched-linux-x86_64 2.2-6 14.31 106.69 121.00 OK
r-release-linux-x86_64 2.2-6 15.47 105.01 120.48 OK
r-release-macos-arm64 2.2-6 43.00 OK
r-release-macos-x86_64 2.2-6 59.00 OK
r-release-windows-x86_64 2.2-6 23.00 128.00 151.00 OK
r-oldrel-macos-arm64 2.2-6 51.00 OK
r-oldrel-macos-x86_64 2.2-6 57.00 OK
r-oldrel-windows-ix86+x86_64 2.2-6 33.00 126.00 159.00 OK

Check Details

Version: 2.2-6
Check: Rd files
Result: NOTE
    checkRd: (-1) calc.relimp.Rd:41: Escaped LaTeX specials: \~
    checkRd: (-1) classesmethods.relaimpo.Rd:27: Escaped LaTeX specials: \$
    checkRd: (-1) classesmethods.relaimpo.Rd:104: Escaped LaTeX specials: \$
    checkRd: (-1) mianalyze.relimp.Rd:69: Escaped LaTeX specials: \~
    checkRd: (-1) mianalyze.relimp.Rd:73: Escaped LaTeX specials: \~
    checkRd: (-1) relimplm-class.Rd:63: Escaped LaTeX specials: \$
    checkRd: (-1) relimplmbootMI-class.Rd:121: Escaped LaTeX specials: \$
    checkRd: (-1) relimplmbooteval-class.Rd:146: Escaped LaTeX specials: \$
Flavors: r-devel-linux-x86_64-debian-clang, r-devel-linux-x86_64-debian-gcc, r-devel-linux-x86_64-fedora-clang, r-devel-linux-x86_64-fedora-gcc, r-devel-windows-x86_64