CRAN Package Check Results for Package regmedint

Last updated on 2022-01-22 06:49:03 CET.

Flavor Version Tinstall Tcheck Ttotal Status Flags
r-devel-linux-x86_64-debian-clang 0.2.1 6.86 176.57 183.43 OK
r-devel-linux-x86_64-debian-gcc 0.2.1 8.90 130.20 139.10 OK
r-devel-linux-x86_64-fedora-clang 0.2.1 216.32 NOTE
r-devel-linux-x86_64-fedora-gcc 0.2.1 235.05 NOTE
r-devel-windows-x86_64-new-UL 0.2.1 1369.00 222.00 1591.00 OK
r-devel-windows-x86_64-new-TK 0.2.1 NOTE
r-patched-linux-x86_64 0.2.1 9.37 180.83 190.20 OK
r-release-linux-x86_64 0.2.1 11.05 181.09 192.14 OK
r-release-macos-arm64 0.2.1 NOTE
r-release-macos-x86_64 0.2.1 NOTE
r-release-windows-ix86+x86_64 0.2.1 19.00 208.00 227.00 OK
r-oldrel-macos-x86_64 0.2.1 NOTE
r-oldrel-windows-ix86+x86_64 0.2.1 20.00 222.00 242.00 OK

Check Details

Version: 0.2.1
Check: dependencies in R code
Result: NOTE
    Namespace in Imports field not imported from: ‘Deriv’
     All declared Imports should be used.
Flavors: r-devel-linux-x86_64-fedora-clang, r-devel-linux-x86_64-fedora-gcc, r-devel-windows-x86_64-new-TK, r-release-macos-arm64, r-release-macos-x86_64, r-oldrel-macos-x86_64