CRAN Package Check Results for Package regions

Last updated on 2022-01-22 06:49:03 CET.

Flavor Version Tinstall Tcheck Ttotal Status Flags
r-devel-linux-x86_64-debian-clang 0.1.8 10.97 95.78 106.75 OK
r-devel-linux-x86_64-debian-gcc 0.1.8 8.74 73.25 81.99 OK
r-devel-linux-x86_64-fedora-clang 0.1.8 128.59 NOTE
r-devel-linux-x86_64-fedora-gcc 0.1.8 115.33 NOTE
r-devel-windows-x86_64-new-UL 0.1.8 56.00 154.00 210.00 OK
r-devel-windows-x86_64-new-TK 0.1.8 NOTE
r-patched-linux-x86_64 0.1.8 6.71 95.41 102.12 OK
r-release-linux-x86_64 0.1.8 6.88 94.12 101.00 OK
r-release-macos-arm64 0.1.8 NOTE
r-release-macos-x86_64 0.1.8 NOTE
r-release-windows-ix86+x86_64 0.1.8 21.00 118.00 139.00 OK
r-oldrel-macos-x86_64 0.1.8 NOTE
r-oldrel-windows-ix86+x86_64 0.1.8 21.00 128.00 149.00 OK

Check Details

Version: 0.1.8
Check: data for non-ASCII characters
Result: NOTE
     Note: found 2 marked Latin-1 strings
     Note: found 50022 marked UTF-8 strings
Flavors: r-devel-linux-x86_64-fedora-clang, r-devel-linux-x86_64-fedora-gcc, r-devel-windows-x86_64-new-TK, r-release-macos-arm64, r-release-macos-x86_64, r-oldrel-macos-x86_64