CRAN Package Check Results for Package refuge

Last updated on 2022-05-18 07:49:07 CEST.

Flavor Version Tinstall Tcheck Ttotal Status Flags
r-devel-linux-x86_64-debian-clang 0.3.3 5.04 62.47 67.51 NOTE
r-devel-linux-x86_64-debian-gcc 0.3.3 4.29 46.92 51.21 NOTE
r-devel-linux-x86_64-fedora-clang 0.3.3 79.30 NOTE
r-devel-linux-x86_64-fedora-gcc 0.3.3 75.94 NOTE
r-devel-windows-x86_64 0.3.3 18.00 76.00 94.00 NOTE
r-patched-linux-x86_64 0.3.3 4.02 57.09 61.11 NOTE
r-release-linux-x86_64 0.3.3 4.96 56.60 61.56 NOTE
r-release-macos-arm64 0.3.3 24.00 NOTE
r-release-macos-x86_64 0.3.3 43.00 NOTE
r-release-windows-x86_64 0.3.3 16.00 80.00 96.00 NOTE
r-oldrel-macos-arm64 0.3.3 30.00 NOTE
r-oldrel-macos-x86_64 0.3.3 42.00 NOTE
r-oldrel-windows-ix86+x86_64 0.3.3 15.00 70.00 85.00 NOTE

Check Details

Version: 0.3.3
Check: LazyData
Result: NOTE
     'LazyData' is specified without a 'data' directory
Flavors: r-devel-linux-x86_64-debian-clang, r-devel-linux-x86_64-debian-gcc, r-devel-linux-x86_64-fedora-clang, r-devel-linux-x86_64-fedora-gcc, r-devel-windows-x86_64, r-patched-linux-x86_64, r-release-linux-x86_64, r-release-macos-arm64, r-release-macos-x86_64, r-release-windows-x86_64, r-oldrel-macos-arm64, r-oldrel-macos-x86_64, r-oldrel-windows-ix86+x86_64