Last updated on 2022-05-19 07:50:18 CEST.
Flavor | Version | Tinstall | Tcheck | Ttotal | Status | Flags |
---|---|---|---|---|---|---|
r-devel-linux-x86_64-debian-clang | 1.5.0 | 0.32 | 11.48 | 11.80 | ERROR | |
r-devel-linux-x86_64-debian-gcc | 1.5.0 | 38.96 | 320.10 | 359.06 | OK | |
r-devel-linux-x86_64-fedora-clang | 1.5.0 | 620.94 | OK | |||
r-devel-linux-x86_64-fedora-gcc | 1.5.0 | 606.46 | OK | |||
r-devel-windows-x86_64 | 1.5.0 | 54.00 | 433.00 | 487.00 | OK | |
r-patched-linux-x86_64 | 1.5.0 | 42.24 | 415.98 | 458.22 | OK | |
r-release-linux-x86_64 | 1.5.0 | 42.28 | 412.66 | 454.94 | OK | |
r-release-macos-arm64 | 1.5.0 | 119.00 | OK | |||
r-release-macos-x86_64 | 1.5.0 | 209.00 | OK | |||
r-release-windows-x86_64 | 1.5.0 | 52.00 | 437.00 | 489.00 | OK | |
r-oldrel-macos-arm64 | 1.5.0 | 95.00 | OK | |||
r-oldrel-macos-x86_64 | 1.5.0 | 155.00 | OK | |||
r-oldrel-windows-ix86+x86_64 | 1.5.0 | 117.00 | 463.00 | 580.00 | OK |
Version: 1.5.0
Check: package dependencies
Result: ERROR
Package required but not available: 'BAT'
See section 'The DESCRIPTION file' in the 'Writing R Extensions'
manual.
Flavor: r-devel-linux-x86_64-debian-clang