CRAN Package Check Results for Package rde

Last updated on 2022-01-21 08:52:12 CET.

Flavor Version Tinstall Tcheck Ttotal Status Flags
r-devel-linux-x86_64-debian-clang 0.1.0 1.38 37.36 38.74 NOTE
r-devel-linux-x86_64-debian-gcc 0.1.0 1.64 28.50 30.14 NOTE
r-devel-linux-x86_64-fedora-clang 0.1.0 47.46 NOTE
r-devel-linux-x86_64-fedora-gcc 0.1.0 36.69 NOTE
r-devel-windows-x86_64-new-UL 0.1.0 17.00 60.00 77.00 NOTE
r-devel-windows-x86_64-new-TK 0.1.0 NOTE
r-patched-linux-x86_64 0.1.0 1.67 34.84 36.51 NOTE
r-release-linux-x86_64 0.1.0 1.84 34.07 35.91 NOTE
r-release-macos-arm64 0.1.0 NOTE
r-release-macos-x86_64 0.1.0 NOTE
r-release-windows-ix86+x86_64 0.1.0 5.00 45.00 50.00 NOTE
r-oldrel-macos-x86_64 0.1.0 OK
r-oldrel-windows-ix86+x86_64 0.1.0 4.00 43.00 47.00 OK

Check Details

Version: 0.1.0
Check: LazyData
Result: NOTE
     'LazyData' is specified without a 'data' directory
Flavors: r-devel-linux-x86_64-debian-clang, r-devel-linux-x86_64-debian-gcc, r-devel-linux-x86_64-fedora-clang, r-devel-linux-x86_64-fedora-gcc, r-devel-windows-x86_64-new-UL, r-devel-windows-x86_64-new-TK, r-patched-linux-x86_64, r-release-linux-x86_64, r-release-macos-arm64, r-release-macos-x86_64, r-release-windows-ix86+x86_64