CRAN Package Check Results for Package rddtools

Last updated on 2022-01-26 06:50:26 CET.

Flavor Version Tinstall Tcheck Ttotal Status Flags
r-devel-linux-x86_64-debian-clang 1.6.0 19.17 200.89 220.06 OK
r-devel-linux-x86_64-debian-gcc 1.6.0 16.77 147.64 164.41 OK
r-devel-linux-x86_64-fedora-clang 1.6.0 251.37 NOTE
r-devel-linux-x86_64-fedora-gcc 1.6.0 247.62 NOTE
r-devel-windows-x86_64-new-UL 1.6.0 92.00 215.00 307.00 OK
r-devel-windows-x86_64-new-TK 1.6.0 ERROR
r-patched-linux-x86_64 1.6.0 24.77 184.96 209.73 OK
r-release-linux-x86_64 1.6.0 17.71 182.82 200.53 OK
r-release-macos-arm64 1.6.0 NOTE
r-release-macos-x86_64 1.6.0 NOTE
r-release-windows-ix86+x86_64 1.6.0 43.00 216.00 259.00 OK
r-oldrel-macos-x86_64 1.6.0 NOTE
r-oldrel-windows-ix86+x86_64 1.6.0 43.00 226.00 269.00 OK

Check Details

Version: 1.6.0
Check: dependencies in R code
Result: NOTE
    Namespace in Imports field not imported from: ‘rmarkdown’
     All declared Imports should be used.
Flavors: r-devel-linux-x86_64-fedora-clang, r-devel-linux-x86_64-fedora-gcc, r-release-macos-arm64, r-release-macos-x86_64, r-oldrel-macos-x86_64

Version: 1.6.0
Check: package dependencies
Result: ERROR
    Packages required but not available: 'AER', 'rdd'
    
    Package suggested but not available for checking: 'car'
    
    See section 'The DESCRIPTION file' in the 'Writing R Extensions'
    manual.
Flavor: r-devel-windows-x86_64-new-TK