Last updated on 2022-08-17 07:52:37 CEST.
Flavor | Version | Tinstall | Tcheck | Ttotal | Status | Flags |
---|---|---|---|---|---|---|
r-devel-linux-x86_64-debian-clang | 1.1.0 | 11.31 | 257.56 | 268.87 | OK | |
r-devel-linux-x86_64-debian-gcc | 1.1.0 | OK | ||||
r-devel-linux-x86_64-fedora-clang | 1.1.0 | 317.41 | NOTE | |||
r-devel-linux-x86_64-fedora-gcc | 1.1.0 | 313.54 | NOTE | |||
r-devel-windows-x86_64 | 1.1.0 | 84.00 | 276.00 | 360.00 | OK | |
r-patched-linux-x86_64 | 1.1.0 | 12.82 | 239.05 | 251.87 | OK | |
r-release-linux-x86_64 | 1.1.0 | 10.50 | 244.29 | 254.79 | OK | |
r-release-macos-arm64 | 1.1.0 | 73.00 | OK | |||
r-release-macos-x86_64 | 1.1.0 | 130.00 | OK | |||
r-release-windows-x86_64 | 1.1.0 | 68.00 | 274.00 | 342.00 | OK | |
r-oldrel-macos-arm64 | 1.1.0 | 86.00 | OK | |||
r-oldrel-macos-x86_64 | 1.1.0 | 119.00 | OK | |||
r-oldrel-windows-ix86+x86_64 | 1.1.0 | 22.00 | 288.00 | 310.00 | OK |
Version: 1.1.0
Check: package dependencies
Result: NOTE
Suggests orphaned package: ‘bibtex’
Flavors: r-devel-linux-x86_64-fedora-clang, r-devel-linux-x86_64-fedora-gcc