CRAN Package Check Results for Package rcompendium

Last updated on 2022-01-26 06:50:26 CET.

Flavor Version Tinstall Tcheck Ttotal Status Flags
r-devel-linux-x86_64-debian-clang 0.5.1 6.14 56.68 62.82 NOTE
r-devel-linux-x86_64-debian-gcc 0.5.1 4.56 44.51 49.07 NOTE
r-devel-linux-x86_64-fedora-clang 0.5.1 77.28 NOTE
r-devel-linux-x86_64-fedora-gcc 0.5.1 65.63 NOTE
r-devel-windows-x86_64-new-UL 0.5.1 141.00 88.00 229.00 NOTE
r-devel-windows-x86_64-new-TK 0.5.1 NOTE
r-patched-linux-x86_64 0.5.1 6.92 54.32 61.24 NOTE
r-release-linux-x86_64 0.5.1 3.78 54.35 58.13 NOTE
r-release-macos-arm64 0.5.1 NOTE
r-release-macos-x86_64 0.5.1 NOTE
r-release-windows-ix86+x86_64 0.5.1 13.00 65.00 78.00 NOTE
r-oldrel-macos-x86_64 0.5.1 OK
r-oldrel-windows-ix86+x86_64 0.5.1 12.00 68.00 80.00 OK

Check Details

Version: 0.5.1
Check: LazyData
Result: NOTE
     'LazyData' is specified without a 'data' directory
Flavors: r-devel-linux-x86_64-debian-clang, r-devel-linux-x86_64-debian-gcc, r-devel-linux-x86_64-fedora-clang, r-devel-linux-x86_64-fedora-gcc, r-devel-windows-x86_64-new-UL, r-devel-windows-x86_64-new-TK, r-patched-linux-x86_64, r-release-linux-x86_64, r-release-macos-arm64, r-release-macos-x86_64, r-release-windows-ix86+x86_64