CRAN Package Check Results for Package rbiom

Last updated on 2022-05-20 07:49:28 CEST.

Flavor Version Tinstall Tcheck Ttotal Status Flags
r-devel-linux-x86_64-debian-clang 1.0.3 55.70 59.73 115.43 OK
r-devel-linux-x86_64-debian-gcc 1.0.3 47.14 45.93 93.07 OK
r-devel-linux-x86_64-fedora-clang 1.0.3 180.52 OK
r-devel-linux-x86_64-fedora-gcc 1.0.3 156.81 OK
r-devel-windows-x86_64 1.0.3 63.00 0.00 63.00 FAIL
r-patched-linux-x86_64 1.0.3 45.00 58.99 103.99 OK
r-release-linux-x86_64 1.0.3 48.15 58.88 107.03 OK
r-release-macos-arm64 1.0.3 40.00 NOTE
r-release-macos-x86_64 1.0.3 56.00 OK
r-release-windows-x86_64 1.0.3 64.00 1490.00 1554.00 OK
r-oldrel-macos-arm64 1.0.3 40.00 OK
r-oldrel-macos-x86_64 1.0.3 55.00 OK
r-oldrel-windows-ix86+x86_64 1.0.3 145.00 206.00 351.00 OK

Check Details

Version: 1.0.3
Check: examples
Result: FAIL
    Check process probably crashed or hung up for 20 minutes ... killed
    Most likely this happened in the example checks (?),
    if not, ignore the following last lines of example output:
    >
    > library(rbiom)
    >
    > infile <- system.file("extdata", "newick.tre", package = "rbiom")
    > tree <- read.tree(infile)
    >
    > tree <- read.tree("
    + (t9:0.99,((t5:0.87,t2:0.89):0.51,(((t10:0.16,(t7:0.83,t4:0.96)
    + :0.94):0.69,(t6:0.92,(t3:0.62,t1:0.85):0.54):0.23):0.74,t8:0.1
    + 2):0.43):0.67);")
    >
    >
    >
    >
    > cleanEx()
    > nameEx("sample.names")
    > ### * sample.names
    >
    > flush(stderr()); flush(stdout())
    >
    > ### Name: sample.names
    > ### Title: Get the sample names.
    > ### Aliases: sample.names
    >
    > ### ** Examples
    >
    > library(rbiom)
    >
    > infile <- system.file("extdata", "hmp50.bz2", package = "rbiom")
    > biom <- read.biom(infile)
    ======== End of example output (where/before crash/hang up occured ?) ========
Flavor: r-devel-windows-x86_64

Version: 1.0.3
Check: package dependencies
Result: NOTE
    Package suggested but not available for checking: ‘rhdf5’
Flavor: r-release-macos-arm64